{"id":18,"date":"2015-02-15T20:43:21","date_gmt":"2015-02-15T20:43:21","guid":{"rendered":"http:\/\/www.mariem-art.com\/?page_id=18"},"modified":"2022-10-13T12:20:45","modified_gmt":"2022-10-13T12:20:45","slug":"biographie","status":"publish","type":"page","link":"https:\/\/www.mariem-art.com\/?page_id=18","title":{"rendered":"Biographie"},"content":{"rendered":"<p><a href=\"http:\/\/www.mariem-art.com\/wp-content\/uploads\/2015\/02\/Nanou-pastel.jpg\"><img loading=\"lazy\" decoding=\"async\" class=\"wp-image-178 aligncenter\" src=\"http:\/\/www.mariem-art.com\/wp-content\/uploads\/2015\/02\/Nanou-pastel-300x266.jpg\" alt=\"Nanou-pastel\" width=\"405\" height=\"359\" srcset=\"https:\/\/www.mariem-art.com\/wp-content\/uploads\/2015\/02\/Nanou-pastel-300x266.jpg 300w, https:\/\/www.mariem-art.com\/wp-content\/uploads\/2015\/02\/Nanou-pastel-150x133.jpg 150w, https:\/\/www.mariem-art.com\/wp-content\/uploads\/2015\/02\/Nanou-pastel-508x450.jpg 508w, https:\/\/www.mariem-art.com\/wp-content\/uploads\/2015\/02\/Nanou-pastel.jpg 698w\" sizes=\"auto, (max-width: 405px) 100vw, 405px\" \/><\/a><br \/>\nNadine&nbsp;<strong>Marie M<\/strong>urgey&nbsp;a toujours \u00e9t\u00e9 attir\u00e9e par les boites de couleur, mais elle s&rsquo;est d\u00e9couvert tardivement un don pour les arts. Elle d\u00e9bute seulement en 2010, tout d&rsquo;abord \u00e0 l&rsquo;acrylique puis \u00e0 l&rsquo;huile. Mi-2011 guid\u00e9e par \u00ab&nbsp;<a href=\"http:\/\/janvier.peintre.free.fr\/\">Janvier<\/a>&nbsp;\u00bb un ma\u00eetre en la mati\u00e8re, elle d\u00e9couvre le pastel sec qui devient son m\u00e9dium de pr\u00e9dilection. Sa technique tr\u00e8s particuli\u00e8re, qu&rsquo;elle perfectionne en autodidacte, est h\u00e9rit\u00e9e de la peinture \u00e0 l&rsquo;huile. Ses superpositions de multiples glacis, fix\u00e9s \u00e0 chaque \u00e9tape, lui offrent&nbsp;une palette de couleurs riche et&nbsp;\u00e9clatante.Contrairement aux pastels classiques, ses \u0153uvres (r\u00e9alis\u00e9es sur contrecoll\u00e9 \u201cIngres\u201d) sont pr\u00e9sent\u00e9es, pour la plupart, sans verre. Et nombreux sont ceux qui, au premier regard, croient y voir des peintures\u2026<\/p>\n<p>Ses sujets favoris, des portraits grand format, de personnages touchants&nbsp;ou d\u00e9cal\u00e9s lui permettent de voyager au travers de ses pastels.<\/p>\n","protected":false},"excerpt":{"rendered":"<p>Nadine&nbsp;Marie Murgey&nbsp;a toujours \u00e9t\u00e9 attir\u00e9e par les boites de couleur, mais elle s&rsquo;est d\u00e9couvert tardivement un don pour les arts. Elle d\u00e9bute seulement en 2010, tout d&rsquo;abord \u00e0 l&rsquo;acrylique puis \u00e0 l&rsquo;huile. Mi-2011 guid\u00e9e par \u00ab&nbsp;Janvier&nbsp;\u00bb un ma\u00eetre en la mati\u00e8re, elle d\u00e9couvre le pastel sec qui devient son m\u00e9dium de pr\u00e9dilection. Sa technique tr\u00e8s &hellip; <\/p>\n<p class=\"link-more\"><a href=\"https:\/\/www.mariem-art.com\/?page_id=18\" class=\"more-link\">Lire la suite de<span class=\"screen-reader-text\">\u00ab\u00a0Biographie\u00a0\u00bb<\/span><\/a><\/p>\n","protected":false},"author":1,"featured_media":0,"parent":0,"menu_order":2,"comment_status":"closed","ping_status":"open","template":"","meta":{"inspiro_hide_title":false,"footnotes":""},"class_list":["post-18","page","type-page","status-publish","hentry"],"featured_media_urls":[],"_links":{"self":[{"href":"https:\/\/www.mariem-art.com\/index.php?rest_route=\/wp\/v2\/pages\/18","targetHints":{"allow":["GET"]}}],"collection":[{"href":"https:\/\/www.mariem-art.com\/index.php?rest_route=\/wp\/v2\/pages"}],"about":[{"href":"https:\/\/www.mariem-art.com\/index.php?rest_route=\/wp\/v2\/types\/page"}],"author":[{"embeddable":true,"href":"https:\/\/www.mariem-art.com\/index.php?rest_route=\/wp\/v2\/users\/1"}],"replies":[{"embeddable":true,"href":"https:\/\/www.mariem-art.com\/index.php?rest_route=%2Fwp%2Fv2%2Fcomments&post=18"}],"version-history":[{"count":8,"href":"https:\/\/www.mariem-art.com\/index.php?rest_route=\/wp\/v2\/pages\/18\/revisions"}],"predecessor-version":[{"id":577,"href":"https:\/\/www.mariem-art.com\/index.php?rest_route=\/wp\/v2\/pages\/18\/revisions\/577"}],"wp:attachment":[{"href":"https:\/\/www.mariem-art.com\/index.php?rest_route=%2Fwp%2Fv2%2Fmedia&parent=18"}],"curies":[{"name":"wp","href":"https:\/\/api.w.org\/{rel}","templated":true}]}}